st the prime factors of i(4).
101
Let a be 4 + -6*(-3)/(-6). Suppose -4*i + 5 = a. List the prime factors of ((-2 - -2) + i)*13.
13
Let s = 50 - 27. Suppose 7 = 5*v - s. Let w = v + 10. What are the prime factors of w?
2
Suppose -2*i = -3*f + 11, f - 2*i + 3 = 2*i. Suppose -3*d = f*v - 25, -2*v + 19 = v + d. Suppose 3*r = v*r - 30. List the prime factors of r.
2, 3
Suppose 0 = -v - 4*s + 2, -2*v + 5*s = -4 - 0. List the prime factors of 8 + (1 - v)*1.
7
Let z = 23 + -21. Suppose -7 = z*r - 43. What are the prime factors of r?
2, 3
Let i(y) = -y**3 + 4*y**2 - 4*y + 2. Let q be i(2). Suppose q*j - 15 = j. Suppose 14 = 3*l + 5*d, l + 3*l - j = -3*d. What are the prime factors of l?
3
Suppose -493 = -3*s - 4*f, -3*s - 704 = -7*s + 4*f. List the prime factors of s.
3, 19
Let k = 11 + -6. List the prime factors of 10/k*3/2.
3
Let a(y) be the first derivative of 2 + 0*y + 0 - 5*y + y**2. What are the prime factors of a(4)?
3
Suppose 0*x - 2*x = 6. Let k be (-1)/x - (-7)/(-3). What are the prime factors of (1/k)/(3/(-66))?
11
Let c(b) be the second derivative of b**5/20 - 2*b**4/3 - 5*b**3/3 - b**2 - 3*b. Let t be c(9). Let q = t + 24. What are the prime factors of q?
13
Suppose -2*u - 3*u + 114 = 4*g, 4*u = g + 87. What are the prime factors of u?
2, 11
Suppose -7*u + 5*u + 766 = 0. List the prime factors of u.
383
Suppose 2*v = x - 11, -3*v - 38 = -4*x - v. List the prime factors of 6/18*x/1.
3
Let j = 84 + -41. Let d = j + -26. List the prime factors of d.
17
Suppose 2*g - 4 = 6. Suppose g = 2*c - 31. What are the prime factors of c?
2, 3
Suppose 0 = 3*z + 4 - 10. What are the prime factors of 2 + 6*2 - z?
2, 3
Let c = 1 - -1. Suppose -3*p = c*p - 25. Suppose -2*s - 39 = -p*w, 4*w - 5*s = -s + 36. List the prime factors of w.
7
Let a = 2 - -5. Let m = a + -5. What are the prime factors of m?
2
Let h be 0 - -2 - (3 + -1). Suppose 2*u - 17 - 9 = h. What are the prime factors of u?
13
Suppose -h - 2*h = -150. What are the prime factors of h?
2, 5
Let n = 10 + -5. List the prime factors of n.
5
Let m(b) = -2*b**2 + 9*b**2 + 1 - b**3 + 4 - 6*b. Let r be m(6). Suppose 9 = r*z - 1. List the prime factors of z.
2
Let t(p) = -2*p**3 + 13*p**2 + 15*p + 3. Let m(j) = 3*j**3 - 12*j**2 - 14*j - 4. Let v(s) = -3*m(s) - 4*t(s). List the prime factors of v(-15).
3, 5
Let r(b) = -2*b**2 - 3*b + 4. Let m(g) = 4*g**2 + 5*g - 9. Let x(p) = -3*m(p) - 7*r(p). Let t be x(-6). Suppose w = 6*w - t. What are the prime factors of w?
7
Let v = -1 + 2. Let p = 1 + v. What are the prime factors of (4/p)/(4/6)?
3
Let h be (1/(-3)*0)/(-3). Suppose h*g = -4*g + 132. List the prime factors of g.
3, 11
Let q = 12 + -8. Let y = q + -6. Let r(a) = -a**3 + 2*a**2 + 2*a + 2. What are the prime factors of r(y)?
2, 7
Suppose 0*i + i + 220 = 0. What are the prime factors of 10/(-45) + i/(-18)?
2, 3
Suppose -3*r + 11*l + 181 = 6*l, 0 = 4*r + 2*l - 276. What are the prime factors of r?
67
Let n = -24 - -60. List the prime factors of n.
2, 3
Suppose r - 5*v = 10, 6 = -0*r + 5*r - 3*v. Suppose -d - 2*d + 66 = r. List the prime factors of d.
2, 11
Let h(k) = 4*k. Let c be h(4). Suppose -8*n + 4*n + c = 0. What are the prime factors of (0 - 2) + 44/n?
3
Let z be 8/(-12)*63/(-6). Suppose 29 + z = 3*d. List the prime factors of d.
2, 3
Let j = -172 - -370. List the prime factors of j.
2, 3, 11
Let o(t) = 6*t**2 + 7*t - 9. Let l(n) = 7*n**2 + 7*n - 9. Let z(u) = 5*l(u) - 6*o(u). Let m be (2 + -1)/((-1)/7). List the prime factors of z(m).
3
Suppose 2*i = 3 + 5. Suppose 5*o = -3*t + 2*o + 9, 3*t + i*o = 9. What are the prime factors of t?
3
Suppose 4*b - 43 = 29. What are the prime factors of b?
2, 3
Let h = 2 + -5. Let q = h + 6. What are the prime factors of q?
3
List the prime factors of (-5)/(-2)*266/35.
19
Let d = -399 - -729. What are the prime factors of d/8 + (-9)/36?
41
Suppose -3*j = -8*i + 7*i + 109, 4*j = 2*i - 208. What are the prime factors of i?
2, 47
Let v be (-5)/(-3) - (-6)/18. Suppose 7*h - 2*h = 60. Let r = h - v. List the prime factors of r.
2, 5
Let c(n) be the first derivative of n**5/60 + n**4/4 - 2*n**3/3 + 2. Let v(z) be the third derivative of c(z). List the prime factors of v(5).
2
Let b = -9 + 7. Suppose 0 = -2*w - 2*m + 18, 0 = -w - 2*w + m + 19. Let v = w - b. What are the prime factors of v?
3
Let m(t) = 2*t - 4. Let r be m(7). Suppose -3*h + 23 + r = 0. What are the prime factors of h?
11
Suppose 3*h - 9 - 6 = 0. Suppose -2 = -g + h. What are the prime factors of g?
7
Let b(w) = -w**2 + 16. Let f = 12 + -12. What are the prime factors of b(f)?
2
Suppose -16*u - 5*u = -504. List the prime factors of u.
2, 3
Let o(v) = v - 1. Let g(l) = -6*l - 23. Let k(t) = -g(t) - 3*o(t). What are the prime factors of k(0)?
2, 13
Suppose 4*p - r - 679 = p, 5 = r. List the prime factors of p.
2, 3, 19
Suppose 15 = 5*t - 5. Suppose -16 = -t*u + 24. Let o = u + -6. List the prime factors of o.
2
Let b be 2/(-4) + (-42)/(-4). Let k = b - -16. List the prime factors of (k/8)/((-10)/(-40)).
13
List the prime factors of (-3*38/(-18))/((-7)/(-147)).
7, 19
Suppose 0*h - 2*h + 836 = 0. List the prime factors of h.
2, 11, 19
Let s = 2 + 3. Suppose 2*r = s*v - 159, r + 0*r + 162 = 5*v. Suppose -5*t + 4*n + v = -35, -n + 10 = t. What are the prime factors of t?
2, 3
Suppose 7*v = -5*t + 2*v + 330, 2*v = -5*t + 330. Suppose 6*h - t = 234. List the prime factors of h.
2, 5
Suppose 3 = u - 3. Suppose -2*d - d = -u. What are the prime factors of 1/d - (-35)/14?
3
Let w = 95 + 5. List the prime factors of w.
2, 5
Let c be -6*(1 - (-1)/(-3)). What are the prime factors of (-2 - -4)*(-18)/c?
3
Suppose -5*q + 275 - 30 = 0. List the prime factors of q.
7
Let d = -13 + 17. Suppose -o - 1 = 0, -5*m + 45 = -d*o - 39. List the prime factors of m.
2
Let w be 3 - -1 - 1*2. Suppose -2*v = -w - 0. What are the prime factors of v - -2 - (-3 + 4)?
2
Suppose -9*v = -0 - 9. Suppose -8 = -4*a - 4. Let m = v + a. List the prime factors of m.
2
List the prime factors of ((-2)/4)/(9/(-1404)).
2, 3, 13
Let m be ((-6)/(-5))/((-6)/(-255)). What are the prime factors of (-1)/(48/m - 1)?
17
Let q be (-2 + (-1 - 0))/(-1). Suppose q = -n - 0*n, 3*x - 5*n = 39. Suppose 0 = -0*g - 2*g + x. List the prime factors of g.
2
Suppose 6 = 5*l + 2*k, -4 = -3*l + k - 2*k. Suppose -5 = -l*y + y. List the prime factors of y.
5
Let l(o) = -43*o + 5. List the prime factors of l(-1).
2, 3
Suppose f = -1 + 3. List the prime factors of ((-1)/4)/(f/(-232)).
29
Let q = 45 - 17. What are the prime factors of (273/q)/(6/16)?
2, 13
What are the prime factors of (-4)/(-30) + (-1016)/(-30)?
2, 17
Let p(u) = -31*u - 20. List the prime factors of p(-7).
197
Let g = 66 - 6. Suppose -2*l - l = -27. List the prime factors of (6/4)/(l/g).
2, 5
Let n be 9*(12/(-9) - -2). What are the prime factors of 327/12 + n/(-24)?
3
Let i(q) = 4*q - 10. What are the prime factors of i(10)?
2, 3, 5
Let k(a) = 10*a - 6. List the prime factors of k(4).
2, 17
Let n = 11 - -1. What are the prime factors of n?
2, 3
Let s(k) = 2*k + 1. Let x be (0 - -2)*(-1 + 11). Suppose 4*g + x = 8*g. What are the prime factors of s(g)?
11
Let k(b) = -b**3 - 6*b**2 - 7*b - 5. Let i be k(-4). Let f = i - -6. List the prime factors of (f + (-3 - -17))/1.
11
Let y be (6/(-9))/(2/42). Let q = y - -26. What are the prime factors of q?
2, 3
Suppose 4*b = b + 21. Suppose z - 3*o - 30 = 0, -o + 3 + b = z. Let f = z + -9. What are the prime factors of f?
2, 3
Let v be 4 - (1 + 1) - -1. Let b be (-3 + 1 + 1)*v. What are the prime factors of ((-9)/(-3))/(b/(-10))?
2, 5
Let y be ((-49)/(-35))/((-2)/(-10)). Let o(h) = 6*h - 4. List the prime factors of o(y).
2, 19
Suppose 0*k = -3*k. Let i = k + 4. What are the prime factors of i?
2
Suppose -8 + 2 = -2*o + 3*u, 5*o + 3*u - 15 = 0. Suppose 0 = -f - d + 4, 3*d + o = -2*f + 9. Suppose 2*j - 10 = f. List the prime factors of j.
2
Let t(z) = 13*z + 35. List the prime factors of t(4).
3, 29
Let r(q) = 3*q**2 - 9*q + 19. What are the prime factors of r(7)?
103
What are the prime factors of (2 - (-40)/(-18)) + 22891/99?
3, 7, 11
Suppose 8*k - 3*k + 5 = 0. List the prime factors of (k - -8)*(-2 - -4).
2, 7
Let s(c) = c**3 + 5*c**2 - 3*c + 1. List the prime factors of s(-5).
2
Suppose -o = -y - 0 + 2, 0 = -o + 4. Suppose -2*f - 2*f - 4*u = -40, 2*u = -f + y. Lis